
Let j be (5/(-4))/((-3)/12). Suppose 175 + j = 5*f. What is the units digit of f?
6
Suppose 10*z = 2*z + 776. What is the units digit of z?
7
Let m(i) = -3*i - 1. Let f be m(3). Let n(s) = -s - 6. Let k be n(f). Suppose 0 = -o - 4*u - 3, -o + 5*o = k*u + 68. What is the units digit of o?
3
What is the tens digit of 2/((4/(-14))/(-2))?
1
Suppose -5*w + 130 = -615. What is the tens digit of w?
4
Suppose 0 = -3*p + 8*p. Let d = p - -5. Let l = 11 - d. What is the units digit of l?
6
Let f = -2 + 7. What is the units digit of 5 - f - (-12)/2?
6
Let o = -14 + 8. Let m be ((-16)/o)/(3/9). Suppose 2*v - v = m. What is the units digit of v?
8
Suppose -2*f + 90 = f. Suppose -s + f = 2*s. Let y = -6 + s. What is the units digit of y?
4
Suppose 3*o - 6*o + 96 = 0. Let q(i) = -i + 2. Let w be q(2). Suppose 3*p - o = l, -p - l + 16 = -w*p. What is the units digit of p?
2
Suppose -b = b + 10. Let t(p) = p**3 + 4*p**2 - 6*p - 7. Let n be t(b). What is the units digit of 8*(0 - n)/4?
4
Let o = 1 + 3. Let i = 9 - o. Suppose -m = -6*m + i. What is the units digit of m?
1
Suppose -2*g + 226 = 56. Suppose -6*z + g = -z. What is the tens digit of z?
1
Let z = -422 + 593. What is the hundreds digit of z?
1
Let j = -37 + 82. What is the tens digit of j?
4
Suppose c + 83 = 3*y - 244, 0 = -2*y + c + 219. What is the tens digit of y?
0
What is the units digit of 1592/15 + 14/(-105)?
6
Let u(m) = -m**2 - 9*m + 2. What is the units digit of u(-8)?
0
Suppose -4*j = 16, -63 = 2*l + 2*j + 5. Let i = 46 + l. What is the tens digit of i?
1
Let n = 311 - 170. What is the hundreds digit of n?
1
Let l(r) = 19*r**2 + 3*r + 2. Let v be l(-2). Suppose -k - 3*q + v = 2*k, -5*k - 3*q + 128 = 0. Suppose -4 = 3*f - k. What is the units digit of f?
8
Suppose 2*c + 5 = 5*y, -4*c - 1 = -y - 0*c. Let b = 2 - y. What is the units digit of b?
1
Let q = -4 - -6. Let i(d) = -d**2 + 8*d - 9. Let z be i(6). Suppose -5*p + q*c = 7*c - 5, z*c - 11 = -5*p. What is the units digit of p?
4
Let n = -3 + 4. Suppose -17 - n = -2*y. What is the units digit of y?
9
Suppose 21 = -2*p + 1. Let c = 20 + p. What is the units digit of c?
0
Suppose 560 = w + 7*w. What is the tens digit of w?
7
What is the units digit of (340/(-25))/((-4)/30)?
2
What is the units digit of (-129)/(-15) + (-9)/15?
8
Suppose 3*h - 86 = -4*c, -4*c - 54 = -3*h + 64. Let l = -11 + h. What is the tens digit of l?
2
What is the hundreds digit of (-12792)/(-66) - (-2)/11?
1
What is the hundreds digit of (-6)/(-7)*(-12194)/(-39)?
2
Suppose -287 = -g + 2*v, 750 = -5*g + v + 2140. What is the hundreds digit of g?
2
Let j(u) = u + 14. What is the tens digit of j(6)?
2
Let u(q) = 0*q - q + 4*q**2 - 1 + 4*q**2. Suppose 0 = 4*x - 11 + 15. What is the units digit of u(x)?
8
Let r be (-1)/(0 - 1/3). Suppose -r*d + 52 = d. What is the units digit of d?
3
Suppose 17 = -2*k + 2*d + d, -3*d + 16 = -k. Let q = k - 1. What is the units digit of 0 + (q - -4 - 1)?
1
Let x(j) = -10*j + 14. What is the hundreds digit of x(-10)?
1
What is the units digit of (-2)/2 - -2*149?
7
Let l = -524 - -748. What is the units digit of l?
4
Let r be 66/15 + (-9)/(-15). Suppose 0 = h + 5*q + 16 + 5, -40 = -r*h + 4*q. What is the units digit of h?
4
Let o = 13 + -6. Let m = o - 4. Suppose -5*h = -5*p + 20, m*p + 4*h = 35 - 9. What is the units digit of p?
6
Let y(c) = c**2 - 6*c + 3. Let x be y(6). Suppose 10 = 2*z, u - x*z + 35 = 2*u. What is the units digit of u?
0
Let c(d) = d + 3. What is the units digit of c(1)?
4
Let r = 54 - 32. Suppose -t - 5*q + r = 0, 85 = 3*t - 4*q - 0*q. What is the tens digit of t?
2
Suppose 4*s = -0*s. Let a be 1*(-10 - (s - 1)). What is the units digit of (-34)/a + 2/9?
4
Suppose -z + 0*z - 5 = 0, 2 = -2*t - 2*z. Suppose -t*d + 97 = 313. What is the units digit of 1/((-3)/d*3)?
6
What is the units digit of (2/(-4) - -5)*66?
7
Suppose -4*b = -3*b - 30. What is the units digit of b?
0
Let z(g) = -g**3 + 13*g**2 - 9*g - 14. Let s be z(12). Let b be ((-1)/(-2))/(1/32). Let w = s - b. What is the units digit of w?
6
Let g be 6/3 + 0 + 1. Let x(y) = y**2 - y - 4. Let r be x(g). Suppose 0 = -4*j + 10 + r. What is the units digit of j?
3
What is the units digit of (-3)/2*(-16 - 8)?
6
Let a(u) = u**2 - 3. Let h = 0 + -5. What is the units digit of a(h)?
2
Let a(z) be the second derivative of z**6/720 - z**4/12 + 3*z. Let y(k) be the third derivative of a(k). What is the units digit of y(5)?
5
Let j(n) = -3*n - 7. What is the units digit of j(-9)?
0
Suppose -18 = -2*y - 0*w + 3*w, -5*y + 5*w + 55 = 0. What is the units digit of -1*2/((-6)/y)?
5
Suppose -4*g = -132 - 404. What is the hundreds digit of g?
1
Suppose 0 = -11*n + 6*n + 105. What is the units digit of n?
1
Suppose 5*u - 92 - 23 = 0. What is the tens digit of u?
2
Let b(l) = -l - 10. Let t be b(8). What is the units digit of 2/(-6) + (-24)/t?
1
Let o be 4*4/((-48)/15). Let l be 108/20 + 2/o. Suppose 4*m - l - 19 = 0. What is the units digit of m?
6
Let u be 1*(-2 - -1)*-3. Suppose u*f - 27 = -4*a + a, 8 = f + 2*a. Suppose 4*b - 2 = -n, 6*n - n - b = f. What is the units digit of n?
2
Suppose -3*b = -b - 6. Suppose -b*g + 180 = -g. Suppose -3*a - 2*a = -g. What is the tens digit of a?
1
Let w = 3 - 1. Suppose 14 = q - 2*c - 8, -w*q - 3*c = -30. What is the tens digit of q?
1
What is the units digit of -2*7*1/(-2)?
7
Let p be 36/8*2/3. Let w be (-46)/(-8) - p/4. Suppose 3*c - 2*a = 5, c - 2 - 11 = -w*a. What is the units digit of c?
3
Suppose 5*w = -4*b - 3, -5*w + 10*w = -5*b. Suppose -b*i + 24 = i. Suppose -i*v = -5*f - 3*v + 42, 5*v = -20. What is the units digit of f?
6
Let d(a) = -a**3 + a**2 - a + 1. Let g(q) = 2*q. Let c be g(-1). What is the tens digit of d(c)?
1
Let d(b) = -b**3 + 7*b**2 - 7*b. Let y be (-2)/10 + 52/10. What is the units digit of d(y)?
5
Let k = -90 + 206. What is the tens digit of k?
1
Suppose 3 - 24 = -j + 5*k, -4*j + 27 = -k. What is the units digit of j?
6
Let k = 13 - 8. Suppose -k*l = -3*l - 48. What is the tens digit of l?
2
Let z(c) = -2*c + 1. Let m be z(-2). Let g(k) = -5 + m + 5*k. What is the tens digit of g(2)?
1
Let n = -10 + 33. Suppose 2*x - 9 + n = 0. What is the units digit of (2 + x)*-1 - 1?
4
Suppose -2*t - n = 1, -t - n - 8 = 2*n. Let d = -2 - -7. Suppose 14 + t = d*w. What is the units digit of w?
3
Suppose -4*g = -1 + 157. Let s be g/12 - 1/(-4). Let q(n) = -n**2 - 5*n - 1. What is the units digit of q(s)?
5
Suppose -4*g = 4*s + 116, -4*g - 37 = 2*s + 15. Let n = s - -70. What is the units digit of n?
8
Let f be -3 - 3/(3/(-10)). Let t(x) = x**2 - 5*x - 2. What is the units digit of t(f)?
2
Suppose 2*z + 2*z = -5*l + 42, -l - 5*z = -21. Let s be ((-32)/(-12))/(4/l). Suppose f + 4*q - 4 = 0, f + s*f = -4*q + 36. What is the units digit of f?
8
Suppose -3*i + 48 = -27. Suppose 2*m - 2 + 6 = 0, -3*w - 4*m = -i. Suppose 25 + w = 4*r. What is the units digit of r?
9
Suppose -g = 2*v - 3*v + 4, -4*v = -g - 4. Suppose 0*s + 2*s - 8 = v. Suppose 0 = s*y + 4, -2*y - 1 = -3*k + 4*k. What is the units digit of k?
1
Let l(w) = -9*w. Let i be l(1). Let s = i + 17. Let g = s + 5. What is the units digit of g?
3
Let w = 1 - -2. Suppose -l - 5 = 0, w*l = -2*r - r. Suppose -q + 17 = 3*h - 2, r*h = -2*q + 32. What is the units digit of h?
6
Let v be (2/(-6))/((-7)/126). Let t = -4 + v. What is the units digit of t?
2
Suppose -55 = -6*m - 19. What is the units digit of m?
6
Suppose -2*j - 5 = 5*d + 3*j, 0 = -5*j + 20. Let h be ((-15)/6)/d*6. Suppose 5*o = 3*z - 17, 4 - h = -o. What is the units digit of z?
4
Let m(z) = -z + 1. Suppose 4*o = 5*y + 15, -11 + 2 = 5*o + 3*y. What is the units digit of m(o)?
1
Let x(f) = -f**2 + 3*f - 7. Let a(c) = c**2 - 4*c + 6. Let d(q) = 4*a(q) + 3*x(q). Suppose -5*y - 5 = 0, -4*l - y = -6*y - 41. What is the units digit of d(l)?
1
Let y = -11 - -54. What is the units digit of y?
3
Suppose 0 = -4*o - 0*o. Suppose m - 7 - 6 = o. What is the tens digit of m?
1
Let j be 2*(-1)/(-2) + -11. Let n be (j/(-3))/(8/60). Suppose -3*y + n = -11. What is the tens digit of y?
1
Suppose -33 = d - 4*n - 114, -2*n - 405 = -5*d. What is the units digit of d?
1
Let r(c) = c + 2. Let s(o) = o + 1. Let k(l) = 2*r(l) - 3*s(l). What is the units digit of k(-7)?
8
Suppose 5*c - 37 = 63. What is the units digit of 1035/c + 3/(-4)?
1
Suppose 2*j + 2